4 + 3 + (664 - 671)?
20
What is -29 + 79 + 24 + -38?
36
Calculate (-13 - 2) + 15 - ((1 - -11) + -2).
-10
(15 - 39) + (7 - -38 - -15) - (1 - 5)
40
What is the value of -5 - ((28 + -20 - -16) + -67)?
38
What is 0 + 5 - (-11 - (26 + -3 + 0 + 5))?
44
What is (9 - 57) + 116 + -58?
10
What is the value of -26 - ((11 - (19 - 13)) + -93)?
62
What is the value of 10 + (3 - 9) + (-16 - (-1 + -3 + -71))?
63
Evaluate (-5 - (3 + -11)) + -7 + -44 + (-15 - -10).
-53
Evaluate -150 + 41 + 57 + -21.
-73
Evaluate 4 - (43 + -31 - (-19 - -37)).
10
Calculate (245 + -198 - (-25 - -3)) + -20.
49
Evaluate (137 - (168 + -116)) + 2.
87
Calculate (-80 - 86 - -89) + 149.
72
(348 - 351 - (1 - (3 + 22 + 1))) + -4
18
What is (-51 - 2) + -2461 + 2595?
81
Evaluate -31 + 213 + 49 + -155.
76
What is (10 - -65) + 23 + -70?
28
What is 30 + -7 + 2 + 14?
39
What is the value of 7 - (-5 - (-37 + 12 - -7)) - 2?
-8
Calculate 253 - (60 + 157) - (2 + -2 + 0).
36
What is the value of -30 + 12 + (387 + -380 - (-1 - 36))?
26
What is the value of 8 + (2 + 0 - (-7 - 1 - -5))?
13
What is the value of 29 - (22 - (5 + 21)) - -10?
43
Calculate (0 - (3 + 7 + (7 - 3))) + (65 - 66).
-15
What is 17 - (-111 + 34 + 24)?
70
-10 - (-18 + -11 + 26 + (8 - 1) - -14)
-28
Evaluate 38 + 27 + -51 + 0 + 2.
16
What is the value of (-9 - 31) + 36 + (-1 - 0)?
-5
Evaluate 22 + 0 + -54 + (7 - (-4 - -7)) + -2.
-30
Evaluate -28 - (-6 - -2 - 0 - (17 - (-20 + 32))).
-19
941 + -979 + (-3 - -66)
25
Calculate -19 + 41 + (5 - -9).
36
Calculate 125 + (-14 - (-25 + 0)) + -33.
103
What is (1 - -25) + -5 - (46 + -80)?
55
(1 + 2 + -15 - (-112 + 10 + 23)) + 5
72
Evaluate (-18 - (-2 + 11)) + (-301 - -237).
-91
Evaluate 37 + -26 + 32 + -78.
-35
Calculate -10 + (-6 + (-3 - (-8 - 5)) - (13 + -3)).
-16
(-1 + 11 + 1 - (20 - 2)) + 45 + 5
43
Evaluate -65 + (-10 - (-3 - 13)) - (9 + -2).
-66
What is the value of -8 + (0 - 2) + 24 - 65?
-51
What is 5297 + -5269 + 0 + 103 + 0?
131
Calculate 183 + -8 - (871 + -747).
51
Calculate 209 + -280 + (141 - -12).
82
Calculate -216 + (97 - -13) + 184.
78
What is 19 + (-20 - (19 + 13)) + 7 + -12?
-38
Calculate 15420 - 15477 - (1 + 22).
-80
(20 - (-18 + (-2 - -38) - -10)) + 36
28
22 + 12 + (-20 - -14 - -22)
50
Evaluate 17 + -76 - (-395 + 247).
89
44 - (-103 - (-173 + 143))
117
What is the value of 23 + -8 - -33 - ((14 - 4) + -2)?
40
What is the value of -26 + -10 + 19 + 9 + (-4 - -10)?
-2
What is the value of (84 - 2) + 4 + 7 + -9?
84
What is -106 + (36 + -10 - -94)?
14
Evaluate -8 - 7 - -25 - -7 - -2 - 87.
-68
What is the value of (45 - (-2 - 5)) + (-46 - -46) + -12?
40
What is the value of -12 - -11 - (-27 - (-88 + -34))?
-96
Evaluate (2 - -16) + -27 + (-55 - -27).
-37
31 + (-33 - -18) + -11 + 66 + 8
79
(-2 - -24) + (-2046 - -1993)
-31
Calculate 18 + -49 + 35 + 57 + -7.
54
What is the value of 27 + 0 - (4 - (17 - 3) - (-10 - -2))?
29
(-32 - 3) + (5 + 13 - (191 - 170))
-38
Calculate -94 - (-78 - 12) - (-2 + 0).
-2
(-75 - (-10 - 10)) + 67 - (1 + -10)
21
What is the value of (2 - ((3 - 6) + 14 - 4)) + (-239 - -269)?
25
What is -16 + (-8 - -4) + (-45 - -38) + (0 - 21)?
-48
Calculate 19 + -25 + -5 + (0 - (-6 - -3)) - -30.
22
What is -34 - 7 - -45 - -4?
8
Evaluate -28 - (108 + -56 + -6).
-74
45 + (13 + 0 - 20)
38
What is the value of -4 + 2 - (24 - 41) - (120 + (0 - 14))?
-91
Evaluate (-61 - (-6 - -3)) + -487 + 506.
-39
Calculate (3 - (-30 - 48)) + -7.
74
Evaluate (-1 - -26) + (-107 - -251) + -112.
57
What is 38 + (-7 + -1 - 3) + -17 + 0 + 4?
14
39 + -5 + -43 + 40
31
Evaluate 4 + -5 + 14 + (34 - 41 - (58 + 1)).
-53
Calculate -14 + ((-6 - (4 - 31)) + -6 - (87 - 33)).
-53
Calculate -80 - (-195 + -58) - 72.
101
Calculate -107 - -132 - ((-10 - -1) + 10).
24
2 - 18 - (-47 - (2 + -29) - -26)
-22
What is the value of -3 + (112 - ((-10 - -10) + 12)) + 3 + 0?
100
What is the value of 23 - (-81 + 97 - (-17 - 2))?
-12
5 - 14 - (-356 + 324)
23
What is -9 + 4 + 16 + (-1 - (3 + 128)) + 0?
-121
What is (-42 - -56) + (2 - 2) - (-4 + -6)?
24
(-126 + 92 - -36) + (0 - 19)
-17
What is 55 + (-155 - (-78 + 14))?
-36
What is the value of (40 - 24) + -15 - (-3 - 20)?
24
Calculate 3 - (-78 + 49 + -12).
44
What is the value of -72 - (-79 + (-28 - (34 + -108)))?
-39
Evaluate -79 + -57 + (7 - -29) + 14.
-86
What is (5 + -62 + 5 - -8) + (-7 - 2 - -3)?
-50
Evaluate (66 + -83 - (-3 - (18 + -6))) + -3.
-5
Calculate -894 + 885 - (4 + -121 + -1).
109
5 + -1 + 8 + -2 + (-24 - -13)
-1
Calculate -200 + 149 + 147 + -149.
-53
Calculate -59 + (35 + -10 - (6 + 2) - 8).
-50
64 - (3 + (15 - (-11 - (0 + -12 + -9))))
56
What is (88 - 64) + -6 + 6?
24
-4 + (16 - (-47 + 62) - (10 - -1))
-14
Calculate -549 + 481 + 32 + -3.
-39
Evaluate 95 + (-35 - (9 - -2)) + 24.
73
-8 - (10 + 3 + -20 + 22 + -26) - -65
68
What is (24 + -25 - -36) + (9 - 7)?
37
What is (84 - 29) + -75 - -71?
51
Evaluate -19 + 2 + -10 + -3 + 15.
-15
What is (15 + -3 - -36) + 3 + 9 + 0?
60
Calculate (-109 - (-197 + 187)) + 1 + 12.
-86
Evaluate 26 + -147 + 121 + (78 - 2 - -1).
77
Calculate (24 + -18 + 19 - 12) + 3.
16
What is the value of 59 + -72 + 82 - -4?
73
What is (6 + 12 + -25 + 11 - 7) + 41?
38
What is 9 - (25 - (0 + -10 + 12))?
-14
23 + -87 - ((-11 - -15) + -5) - (1 - 0)
-64
What is 90 + (-112 - -75) - (-2 + -36)?
91
What is 13 - (-31 - (((-3 - -2) + -1 - 11) + 9))?
40
Evaluate (45 - -26 - 24 - 39) + (8 - (-2 - 1)).
19
Calculate (-15 - -172 - 69) + -3 + 7 + -7 + 2.
87
What is the value of (-48 - -2) + -208 + 215?
-39
Evaluate -88 + -1 - (19 - (26 - 19) - -3 - 8).
-96
Evaluate -5 + 1 - (6 + 0 - ((177 - 460) + 221)).
-72
Calculate -29 + -1 + (129 - 1 - 25).
73
Evaluate -1 + 36 + 668 + -714 - 18.
-29
Calculate 23 + (-64 - 29) + 36.
-34
What is 1 - -53 - (699 + -634)?
-11
7 - (47 - (9 + -12 + -26 - -18))
-51
What is the value of -37 - (-95 + -65 + 58)?
65
What is 3 - 2 - (-29 + 0 + 14 + -77)?
93
Calculate (32 - 9) + (13 - (3 + 6)).
27
What is the value of ((31 - 4) + -16 - 19) + 1 + 24 + 0?
17
-1 - -3 - 6 - (4 + 18 + -9 + 26)
-43
Calculate (-4 + 9 - -12) + -5 + 17 + -14.
15
37 + -9 + (20 - 113)
-65
Calculate (6 - -6 - 9 - 13) + (50 - -3) - -15.
58
Calculate (4626 - 4542) + (1 - 151).
-66
Calculate -28 - (3 + -32) - ((-8 - -8) + 58).
-57
What is 2 + -2 + -22 - (3 + 3 - 14)?
-14
What is the value of -5 - ((-11 + (10 - (-14 + 6)) - 13) + -2)?
3
What is (-28 - 46) + -35 - (-27 - -1)?
-83
Evaluate -100 + 82 - (2 - 0 - 2 - -47).
-65
Calculate (10 - (2 - 2 - -6)) + 12 + (31 - 7).
40
Evaluate 6 + -9 - (29 + -15) - (-56 - 0).
39
-31 + 20 + 29 - 16 - -6
8
Calculate (24 - 11) + -22 + (2 - -8 - 19) + -7.
-25
Evaluate 21 + (-22 - (9 - 20)) - 74.
-64
Evaluate 3 - (0 + 0 + 0 + (4 - -102 - 84)).
-19
Calculate (-2 - (6 + 1 + -3 + 5)) + 9.
-2
(-7 - -7 - -5 - -122) + (148 - 168)
107
What is -28 + (-43 - (71 - 210))?
68
(0 + 10 + -1 - (-18 - 2 - -27)) + 33
35
What is 3 - (3 + -1 - (-37 + 69 + -26))?
7
87 + -69 + -7 + 15
26
-97 + (-27 - -232) + -75
33
(0 - (-1 - (-16 + -2) - (480 - 479))) + -1
-17
What is 3 + -2 - -9 - (-41 - (42 - 42))?
51
What is (-18 + -10 - -41) + -45 - 19?
-51
What is the value of 12 + (-5 - -11) + -12 + -98 + -10 - -12?
-90
What is 1 + -99 + 13 + 19?
-66
7786 - 7781 - ((-1 - 4) + 0 + 1)
9
Calculate (1 - -2) + -25 - (-26 - (16 + -33)).
-13
Evaluate 109 + -63 + -43 - 43.
-40
-4 + (27 - -2) - (0 + -16)
41
Calculate (47 - (76 - 29) - (2 - 11)) + -93.
-84
What is the value of 11 + -3 - (-56 - (-81 + 37))?
20
Evaluate -38 - ((4 - (1 + 8 + -3)) + -5).
-31
Calculate (1 - (62 + 3)) + (0 + -2 - (202 - 215)).
-53
Calculate 12 + -12 + (17 - 1 - 76) - -17.
-43
Calculate -69 - -1 - ((7 - 8) + 25 - (-24 + 52)).
-64
What is (-15 - (-3 + -35) - (7 - -3)) + -79 - 13?
-79
What is the value of (-20 + -70 - -32) + 31?
-27
-110 + 100 - ((1 - 7) + 6)
-10
Evaluate -43 + (14 - ((25 - 14) + -6 - (0 - -2))).
-32
9 - -1 - (-3 + 38 - (4 + 72))
51
Calculate 53 + (27 + -1 - (-20 + 41)).
58
Calculate 54 - (65 + (-35 - 13)).
37
What is the value of (-1 - -16 - 9) + (35 - -1) + 13?
55
Calculate -5 + (-3 - 0) - (-96 - -135) - -11.
-36
What is the value of -7 + 17 + 18 + (-6 - 3) - 13?
6
What is the value of -24 - -8 - -7 - (-13 + 5)?
-1
Calculate -15 - (36 + -45 - 47).
41
Calculate -13 - (-2 + -2) - (3 + 7 + 37 + -5).
-51
What is the value of 2 + 3 - ((-10 - -14) + -13 + -2 + -18)?
34
What is 4 + -16 + (-7 - 2) - (1 